. Calculate the remainder when (-1 - 0)/((7/n)/(-7)) is divided by i.
6
Let d = -16 - -166. Let g = 35788 + -35766. Calculate the remainder when d is divided by g.
18
Suppose 4*k + 10*g = 808, -16*k + g - 211 = -17*k. What is the remainder when 468 is divided by k?
34
Suppose 2*i + 135*u = 137*u + 28, -i - 98 = 27*u. Let z(x) = -2*x - 2. Calculate the remainder when i is divided by z(-4).
4
Suppose 3*u - 55 = -s, 4*s - 192 = 21*u - 19*u. What is the remainder when 1074 is divided by s?
45
Suppose 0 = 2*g - 5 - 3. Suppose 3*q + 114 = -g*m, m - 3*q = q - 19. Let p = -3 - m. What is the remainder when 46 is divided by p?
22
Let z = 67 - -3. Let n(s) = s**2 + 38*s + 18. Calculate the remainder when z is divided by n(0).
16
Suppose -62*l + 15 = -59*l. Suppose -8*y = l*y - 390. Calculate the remainder when 80 is divided by y.
20
Let s = 58 - -1. Suppose -s + 291 = 4*t. Calculate the remainder when 229 is divided by t.
55
Let y(g) = g**2 + 4*g - 17. Let h be 112/21*(-3)/(-2). Suppose 3*p + p = h, -l = -2*p - 10. What is the remainder when y(-9) is divided by l?
0
Calculate the remainder when 15/(-18) + (-142042)/(-372) is divided by 173.
35
Let t(k) = 4*k**3 - 2*k**2 - 2*k - 4. Let n be t(-2). Let v = -13 - n. Calculate the remainder when v is divided by 15.
12
Suppose 7928 - 9203 = -15*i. Calculate the remainder when 272 is divided by i.
17
Let j(h) = h**2 + 21*h. Let y be j(-20). Let p be (-30)/(-9)*24/y. Let f = p - -9. What is the remainder when 16 is divided by f?
1
Let p(y) = -91*y - 44. What is the remainder when 339 is divided by p(-2)?
63
Let s(z) = z**3 + 39*z**2 - 86*z - 1339. Calculate the remainder when s(-40) is divided by 28.
25
Suppose 103*n + 36 = 107*n, -l - 5*n + 91 = 0. Suppose 0 = -0*x - x + 12. What is the remainder when l is divided by x?
10
Suppose -45 = -4*a - a. Suppose -3*f = f + 32, 177 = k - f. Calculate the remainder when k is divided by a.
7
Calculate the remainder when 3085 is divided by (2 - -3)*642/1070.
1
Let f(s) = s**3 + 11*s**2 - 12*s. Let p be f(-12). Suppose 4*t + 7 - 51 = p. What is the remainder when 194 is divided by t?
7
Let d(w) = -33*w - 1143. Calculate the remainder when 189 is divided by d(-35).
9
Let g(q) = -221*q + 2364. What is the remainder when g(10) is divided by 78?
76
Suppose -3*n + 24 = -2*n + 6*d, 32 = n + 2*d. What is the remainder when n is divided by 29?
7
Suppose -5 + 2 = -f + 4*c, -2*f = -5*c - 6. Calculate the remainder when 67 is divided by f.
1
Let m(g) = g**3 + 14*g**2 - 35*g + 47. Let j be m(-16). Suppose 11*l + 40 = j. Let n = -2 - -21. What is the remainder when n is divided by l?
4
Let l(v) = -83*v + 153. What is the remainder when l(0) is divided by 3?
0
Suppose -3*y + 2160 + 1620 = 0. Suppose 0 = -17*f + 12*f + y. Calculate the remainder when f is divided by 26.
18
Let g = 8020 + -7732. Calculate the remainder when g is divided by 286.
2
Let m = 15933 + -15809. What is the remainder when 420 is divided by m?
48
Suppose z + 81 = 3*a, 199 = 4*a - z + 90. Calculate the remainder when 622 is divided by a.
6
Let i(v) = v**3 + 5*v**2 - 3*v + 10. Let f = 22 - 19. Suppose -3*k - 30 = f*k. Calculate the remainder when i(k) is divided by 9.
7
Let p(s) = -s**2 + s - 66. Let h(n) = n - 4. Let d(r) = -3*h(r) - p(r). Calculate the remainder when d(21) is divided by 23.
21
Let a(r) = 12*r**2 + 31*r + 3. Let j be a(16). Suppose -36*y + j - 871 = 0. Calculate the remainder when y is divided by 9.
3
What is the remainder when (-8 - -4)*(-22410)/216 is divided by 9?
1
Suppose 27*o - 1149 - 768 = 0. Let m = 3 - -35. Suppose 81 = -5*q - 2*b + 265, q + b = m. What is the remainder when o is divided by q?
35
Let l be (3/7 - 1)*(5 + -12). Suppose l*h + 0 = 5*c - 41, -24 = -3*c + 3*h. What is the remainder when 19 is divided by c?
1
Calculate the remainder when (272/12)/(8/(-36)*-3) is divided by 13.
8
Suppose -3*l + 374 = 5*f, -73*f + 70*f - l = -226. Let d = 9 + 23. Calculate the remainder when f is divided by d.
12
Suppose 5*g - 4*l = 135, 3*g + 4*l - 81 = l. Suppose -139 = 16*w - 1563. What is the remainder when w is divided by g?
8
Let a = 11329 - 9644. Calculate the remainder when a is divided by 245.
215
Let r = -159 + -15. What is the remainder when (r/9)/(-2 + (-48)/(-27)) is divided by 32?
23
Suppose -4*g + 486 = a - 234, -5*a = 2*g - 378. Calculate the remainder when 210 is divided by g.
31
Suppose 2150 = 15*r + 1925. What is the remainder when 369 is divided by r?
9
Calculate the remainder when 2019 is divided by (-3)/((-36)/901) - (-4 - -15)/132.
69
Suppose 11*p = -4*b + 8*p + 2376, -4*p = 16. Calculate the remainder when b is divided by 102.
87
Let j(g) = g**3 + 6*g**2 - 24*g + 10. Let x be ((-18)/(0 - 3) - 1) + -13. Calculate the remainder when 138 is divided by j(x).
64
Let y(q) = -4*q - 84. Let t be y(-21). Suppose 4*a + 4*v - 652 = t, -v = -2*a + 5*a - 493. Calculate the remainder when a is divided by 29.
20
Let f(j) = 8*j - 1. Suppose -263 = t - 267. Suppose -24 = -2*d - 0*d + t*r, 3*r = -4*d + 59. Calculate the remainder when f(4) is divided by d.
3
Let v = -13006 + 13102. Calculate the remainder when v is divided by (-48)/(-2) - (-1 - 0).
21
Let a(x) = -9*x - 38 + 13 - 1 - 35 - 8. Calculate the remainder when 909 is divided by a(-13).
45
Suppose o + 24 = 43. Suppose -6*w - 481 = -o*w. What is the remainder when w is divided by 2?
1
Let o = -4039 + 4322. Calculate the remainder when o is divided by 33.
19
Let i = -322 - -368. Suppose i*w = 50*w - 12. Calculate the remainder when 146 is divided by w.
2
Suppose 3*j + 5*m - 3*m - 173 = 0, -m = 5. Suppose -3*t - j = -4*k + 6, -2*k + 51 = -5*t. Calculate the remainder when 7 - 63*(-91)/39 is divided by k.
11
Let m be ((-10)/(-30))/(2/(2 - -64)). Let t(s) = 2*s - 5. What is the remainder when 354 is divided by t(m)?
14
Let f = -11611 - -11665. What is the remainder when 7125 is divided by f?
51
Let t = 26 - 24. Suppose t*a - 19 = -3*n, -a + 19*n + 14 = 16*n. Let y = -33 - -65. Calculate the remainder when y is divided by a.
10
Suppose -81*z + 231795 + 785722 = 76*z. Calculate the remainder when z is divided by 2158.
7
Let j(a) = 108*a**3 - 12*a + 12. What is the remainder when j(1) is divided by 23?
16
Let i(k) = -k**3 + 33*k**2 - k + 48. What is the remainder when 267 is divided by i(33)?
12
Let p = -194 + 239. Let s = 12 + p. What is the remainder when 226 is divided by s?
55
Let s = -1164 - -1579. What is the remainder when s is divided by 138?
1
Let p(a) = 5*a**2 - 10*a + 10. Suppose -x = -4*l + 16, 46 = -2*x + 38. Let b = -97 + 146. Calculate the remainder when b is divided by p(l).
24
Suppose -96*t = -94*t - 4. Suppose 425 = -t*j + 7*j. What is the remainder when j is divided by 8?
5
Calculate the remainder when (232/(-290))/(9772/3260 - 3) is divided by 5.
1
Suppose -2*o + 33*m = 36*m - 49, -5*m = -4*o + 43. Calculate the remainder when 98 is divided by o.
13
Let r(w) = w**2 + 26*w + 34. Let p be r(-25). Calculate the remainder when 24 is divided by p/2 + 9/6.
0
Suppose -45 - 43 = -8*t. Let x = 78 - t. Calculate the remainder when x is divided by 24.
19
Let o(q) = 4*q - 11. Let j be o(10). Let w = 43 - j. Calculate the remainder when (-13)/((-52)/464) - 7 is divided by w.
11
Suppose 5*x = -2*b + 658 - 108, -20 = -4*b. Suppose -9*z = -13*z + x. What is the remainder when z is divided by 8?
3
Let n be (90 - -3) + 21/(-21). Suppose -2*k - b = -n, -7*k + 10*k = 2*b + 152. What is the remainder when k is divided by 5?
3
Let m be (-66*(-9)/108)/(1/(-2)). Let s(j) = -j**2 - 20*j - 8. What is the remainder when s(m) is divided by (-3 - -1)*38/(-4)?
15
Suppose -1764 = 5*s + 4*s. Let f = s - -203. Let n = 10 - -24. What is the remainder when n is divided by f?
6
Suppose -3*j + 55 + 14 = 0. Suppose -140 = -14*d - 0. Suppose 16*u - 1086 = d*u. Calculate the remainder when u is divided by j.
20
Let r(x) = -34161*x - 436. What is the remainder when r(-1) is divided by 32?
29
Let s be (4 + (-12)/5)/((-22)/55). Let r = 6 + -3. Calculate the remainder when 40 + (-50)/10 + s is divided by r.
1
Let w(j) = 7. Let t(d) = 60*d - 319. Let s(b) = -t(b) - 2*w(b). Calculate the remainder when 183 is divided by s(4).
53
Suppose 214 - 34 = 5*v. Calculate the remainder when v is divided by -3 + 10 + (2 - 5) + 6.
6
Suppose 17*s - 14755 = -6274 + 35005. Calc